{"id":78,"date":"2026-04-13T16:38:28","date_gmt":"2026-04-13T15:38:28","guid":{"rendered":"https:\/\/man-eberswalde.de\/neu\/?page_id=78"},"modified":"2026-04-23T15:04:51","modified_gmt":"2026-04-23T14:04:51","slug":"starte-deine-ausbildung-bei-uns","status":"publish","type":"page","link":"https:\/\/man-eberswalde.de\/index.php\/starte-deine-ausbildung-bei-uns\/","title":{"rendered":"Starte Deine Ausbildung bei uns"},"content":{"rendered":"\n<div class=\"wp-block-group service-section has-quaternary-background-color has-background has-global-padding is-layout-constrained wp-container-core-group-is-layout-a7cdb554 wp-block-group-is-layout-constrained\" style=\"margin-top:var(--wp--preset--spacing--20);margin-bottom:0px;padding-top:0px;padding-right:0px;padding-bottom:0px;padding-left:0px\">\n<div class=\"wp-block-group service-head-box wow zoomIn has-global-padding is-layout-constrained wp-block-group-is-layout-constrained\" style=\"margin-bottom:40px\">\n<p class=\"has-text-align-center has-secondary-color has-text-color has-link-color has-poppins-font-family wp-elements-cefe9c9af0e4fc57bd04ab6e47670307\" style=\"margin-top:10px;margin-right:0;margin-bottom:10px;margin-left:0;padding-top:0;padding-right:0;padding-bottom:0;padding-left:0;font-size:clamp(14.642px, 0.915rem + ((1vw - 3.2px) * 0.751), 22px);font-style:normal;font-weight:700\">Du willst nicht den ganzen Tag am Schreibtisch sitzen, sondern richtig anpacken? Dich interessieren gro\u00dfe Maschinen, moderne Technik und du willst sehen, was du geschafft hast? Dann bist du bei uns genau richtig!<\/p>\n\n\n\n<p class=\"has-text-align-center has-secondary-color has-text-color has-link-color has-poppins-font-family wp-elements-4d35dddea27b1996e232b493928ea1c0\" style=\"margin-top:10px;margin-right:0;margin-bottom:10px;margin-left:0;padding-top:0;padding-right:0;padding-bottom:0;padding-left:0;font-size:clamp(14.642px, 0.915rem + ((1vw - 3.2px) * 0.751), 22px);font-style:normal;font-weight:700\">In unserer Werkstatt f\u00fcr Nutzfahrzeuge lernst du alles rund um Lkw, Transporter und Spezialfahrzeuge \u2013 von der Wartung \u00fcber Reparaturen bis hin zur Arbeit mit moderner Diagnosetechnik. <\/p>\n\n\n\n<p class=\"has-text-align-center has-secondary-color has-text-color has-link-color has-poppins-font-family wp-elements-e2efbd132dcdbcd40bda53a641a02f87\" style=\"margin-top:10px;margin-right:0;margin-bottom:10px;margin-left:0;padding-top:0;padding-right:0;padding-bottom:0;padding-left:0;font-size:clamp(14.642px, 0.915rem + ((1vw - 3.2px) * 0.751), 22px);font-style:normal;font-weight:700\">W\u00e4hrend der 3 \u00bd j\u00e4hrigen Ausbildung wirst Du in das vielseitige Tagesgesch\u00e4ft einbezogen.<\/p>\n<\/div>\n\n\n\n<div class=\"wp-block-columns service-boxes is-layout-flex wp-container-core-columns-is-layout-c32559b7 wp-block-columns-is-layout-flex\" style=\"margin-top:30px\">\n<div class=\"wp-block-column service-card wow zoomIn is-layout-flow wp-block-column-is-layout-flow\">\n<div class=\"wp-block-columns service-img is-layout-flex wp-container-core-columns-is-layout-28f84493 wp-block-columns-is-layout-flex\">\n<div class=\"wp-block-column is-layout-flow wp-block-column-is-layout-flow\">\n<figure class=\"wp-block-image size-full has-custom-border\"><img loading=\"lazy\" decoding=\"async\" width=\"800\" height=\"534\" src=\"https:\/\/man-eberswalde.de\/neu\/wp-content\/uploads\/2026\/04\/1512MAN-ServiceTGXMY25.jpg\" alt=\"\" class=\"wp-image-82\" style=\"border-radius:10px;aspect-ratio:1.0226875;object-fit:cover\" srcset=\"https:\/\/man-eberswalde.de\/wp-content\/uploads\/2026\/04\/1512MAN-ServiceTGXMY25.jpg 800w, https:\/\/man-eberswalde.de\/wp-content\/uploads\/2026\/04\/1512MAN-ServiceTGXMY25-300x200.jpg 300w, https:\/\/man-eberswalde.de\/wp-content\/uploads\/2026\/04\/1512MAN-ServiceTGXMY25-768x513.jpg 768w\" sizes=\"auto, (max-width: 800px) 100vw, 800px\" \/><\/figure>\n<\/div>\n<\/div>\n\n\n\n<div class=\"wp-block-group service-content has-global-padding is-layout-constrained wp-block-group-is-layout-constrained\">\n<h5 class=\"wp-block-heading has-text-align-left service-card-title has-secondary-color has-text-color has-link-color has-poppins-font-family wp-elements-4835de3fa9fc5fdfc034e227f536a657\" style=\"margin-top:var(--wp--preset--spacing--30);font-size:clamp(15.747px, 0.984rem + ((1vw - 3.2px) * 0.842), 24px);font-style:normal;font-weight:700;text-transform:capitalize\">Was Du bei uns lernst<\/h5>\n\n\n\n<p class=\"has-secondary-color has-text-color has-link-color has-poppins-font-family wp-elements-c38122d125f94fccf4363a0305063ac7\" style=\"font-size:clamp(14px, 0.875rem + ((1vw - 3.2px) * 0.306), 17px);\">Warten, Pr\u00fcfen, Einstellen von Nutzfahrzeugen und Systemen<\/p>\n\n\n\n<p class=\"has-secondary-color has-text-color has-link-color has-poppins-font-family wp-elements-38687c23387d5fad1f60a59371199429\" style=\"font-size:clamp(14px, 0.875rem + ((1vw - 3.2px) * 0.306), 17px);\">Montieren, Demontieren und Instandsetzen von Bauteilen, Baugruppen und Systemen<\/p>\n\n\n\n<p class=\"has-secondary-color has-text-color has-link-color has-poppins-font-family wp-elements-343ac82c52cc40693dd410afd6eb21c0\" style=\"font-size:clamp(14px, 0.875rem + ((1vw - 3.2px) * 0.306), 17px);\">Diagnostizieren von Fehlern, St\u00f6rungen und deren Ursachen<\/p>\n\n\n\n<p class=\"has-secondary-color has-text-color has-link-color has-poppins-font-family wp-elements-f476e6c6b397aac35bfa1607e47bc618\" style=\"font-size:clamp(14px, 0.875rem + ((1vw - 3.2px) * 0.306), 17px);\">Aus-, Um- und Nachr\u00fcstarbeiten<\/p>\n\n\n\n<p class=\"has-secondary-color has-text-color has-link-color has-poppins-font-family wp-elements-d4bdf2b46d73cf7ae22236d0eb535e81\" style=\"font-size:clamp(14px, 0.875rem + ((1vw - 3.2px) * 0.306), 17px);\">Untersuchungen von Kraftfahrzeugen nach stra\u00dfenverkehrsrechtlichen Vorschriften <\/p>\n\n\n\n<div class=\"wp-block-columns is-layout-flex wp-container-core-columns-is-layout-28f84493 wp-block-columns-is-layout-flex\">\n<div class=\"wp-block-column is-layout-flow wp-block-column-is-layout-flow\" style=\"flex-basis:33.33%\"><\/div>\n\n\n\n<div class=\"wp-block-column is-layout-flow wp-block-column-is-layout-flow\" style=\"flex-basis:66.66%\"><\/div>\n<\/div>\n<\/div>\n<\/div>\n\n\n\n<div class=\"wp-block-column service-card wow zoomIn is-layout-flow wp-block-column-is-layout-flow\">\n<div class=\"wp-block-columns service-img is-layout-flex wp-container-core-columns-is-layout-28f84493 wp-block-columns-is-layout-flex\">\n<div class=\"wp-block-column is-layout-flow wp-block-column-is-layout-flow\">\n<figure class=\"wp-block-image size-full has-custom-border\"><img loading=\"lazy\" decoding=\"async\" width=\"800\" height=\"534\" src=\"https:\/\/man-eberswalde.de\/neu\/wp-content\/uploads\/2026\/04\/1586_MAN-Service_TGX_MY25.jpg\" alt=\"\" class=\"wp-image-84\" style=\"border-radius:10px;aspect-ratio:1.0226875;object-fit:cover\" srcset=\"https:\/\/man-eberswalde.de\/wp-content\/uploads\/2026\/04\/1586_MAN-Service_TGX_MY25.jpg 800w, https:\/\/man-eberswalde.de\/wp-content\/uploads\/2026\/04\/1586_MAN-Service_TGX_MY25-300x200.jpg 300w, https:\/\/man-eberswalde.de\/wp-content\/uploads\/2026\/04\/1586_MAN-Service_TGX_MY25-768x513.jpg 768w\" sizes=\"auto, (max-width: 800px) 100vw, 800px\" \/><\/figure>\n<\/div>\n<\/div>\n\n\n\n<div class=\"wp-block-group service-content has-global-padding is-layout-constrained wp-block-group-is-layout-constrained\">\n<h5 class=\"wp-block-heading has-text-align-left service-card-title has-secondary-color has-text-color has-link-color has-poppins-font-family wp-elements-4146c23a74f43bbe863e492af46e04ba\" style=\"margin-top:var(--wp--preset--spacing--30);font-size:clamp(15.747px, 0.984rem + ((1vw - 3.2px) * 0.842), 24px);font-style:normal;font-weight:700;text-transform:capitalize\">Was Du mitbringst<\/h5>\n\n\n\n<p class=\"has-secondary-color has-text-color has-link-color has-poppins-font-family wp-elements-c3ee4daab4effad5b980bb131cfca4df\" style=\"font-size:clamp(14px, 0.875rem + ((1vw - 3.2px) * 0.306), 17px);\">Einen guten Schulabschluss<\/p>\n\n\n\n<p class=\"has-secondary-color has-text-color has-link-color has-poppins-font-family wp-elements-209178118620403c4e2fc66ebf62cf0c\" style=\"font-size:clamp(14px, 0.875rem + ((1vw - 3.2px) * 0.306), 17px);\">Verst\u00e4ndnis f\u00fcr Technik, Mechanik und Elektronik und nat\u00fcrlich handwerkliches Geschick<\/p>\n\n\n\n<p class=\"has-secondary-color has-text-color has-link-color has-poppins-font-family wp-elements-abb18938a39dd295028f9af9cd4d5f43\" style=\"font-size:clamp(14px, 0.875rem + ((1vw - 3.2px) * 0.306), 17px);\">Teamf\u00e4higkeit<\/p>\n\n\n\n<p class=\"service-card-desc has-secondary-color has-text-color has-link-color has-poppins-font-family wp-elements-a5960a4820db6554df4900650e81309b\" style=\"font-size:clamp(14px, 0.875rem + ((1vw - 3.2px) * 0.306), 17px);\">Leidenschaft und Neugier<\/p>\n<\/div>\n<\/div>\n\n\n\n<div class=\"wp-block-column service-card wow zoomIn is-layout-flow wp-block-column-is-layout-flow\">\n<div class=\"wp-block-columns service-img is-layout-flex wp-container-core-columns-is-layout-28f84493 wp-block-columns-is-layout-flex\">\n<div class=\"wp-block-column is-layout-flow wp-block-column-is-layout-flow\">\n<figure class=\"wp-block-image size-full is-resized has-custom-border\"><img loading=\"lazy\" decoding=\"async\" width=\"1136\" height=\"1080\" src=\"https:\/\/man-eberswalde.de\/wp-content\/uploads\/2026\/04\/MAN-TGE_service_ipad_RGB_flat.jpg\" alt=\"\" class=\"wp-image-344\" style=\"border-radius:10px;width:auto;height:250px\" srcset=\"https:\/\/man-eberswalde.de\/wp-content\/uploads\/2026\/04\/MAN-TGE_service_ipad_RGB_flat.jpg 1136w, https:\/\/man-eberswalde.de\/wp-content\/uploads\/2026\/04\/MAN-TGE_service_ipad_RGB_flat-300x285.jpg 300w, https:\/\/man-eberswalde.de\/wp-content\/uploads\/2026\/04\/MAN-TGE_service_ipad_RGB_flat-1024x974.jpg 1024w, https:\/\/man-eberswalde.de\/wp-content\/uploads\/2026\/04\/MAN-TGE_service_ipad_RGB_flat-768x730.jpg 768w\" sizes=\"auto, (max-width: 1136px) 100vw, 1136px\" \/><\/figure>\n<\/div>\n<\/div>\n\n\n\n<div class=\"wp-block-group service-content has-global-padding is-layout-constrained wp-block-group-is-layout-constrained\">\n<h5 class=\"wp-block-heading has-text-align-left service-card-title has-secondary-color has-text-color has-link-color has-poppins-font-family wp-elements-c8ba86de8d4ef5acda7e4920b62691c4\" style=\"margin-top:var(--wp--preset--spacing--30);font-size:clamp(15.747px, 0.984rem + ((1vw - 3.2px) * 0.842), 24px);font-style:normal;font-weight:700;text-transform:capitalize\">Was Du bekommst<\/h5>\n\n\n\n<p class=\"has-secondary-color has-text-color has-link-color has-poppins-font-family wp-elements-e2f1b169759ce0963fbd20c75bd45652\" style=\"font-size:clamp(14px, 0.875rem + ((1vw - 3.2px) * 0.306), 17px);\">Eine fundierte Ausbildung mit hervorragender Zukunftsperspektive<\/p>\n\n\n\n<p class=\"has-secondary-color has-text-color has-link-color has-poppins-font-family wp-elements-509486abd7f243df4cbbd58250f40e48\" style=\"font-size:clamp(14px, 0.875rem + ((1vw - 3.2px) * 0.306), 17px);\">Gute \u00dcbernahmechancen nach der Ausbildung<\/p>\n\n\n\n<p class=\"has-secondary-color has-text-color has-link-color has-poppins-font-family wp-elements-b02d52b38ee1cbd87c4c9a190a8d5a84\" style=\"font-size:clamp(14px, 0.875rem + ((1vw - 3.2px) * 0.306), 17px);\">Faire Verg\u00fctung<\/p>\n\n\n\n<p class=\"service-card-desc has-secondary-color has-text-color has-link-color has-poppins-font-family wp-elements-081ec0709cb068e0c8f632d484c6386d\" style=\"font-size:clamp(14px, 0.875rem + ((1vw - 3.2px) * 0.306), 17px);\">Ein famili\u00e4res Arbeitsumfeld<\/p>\n<\/div>\n<\/div>\n<\/div>\n\n\n\n<p class=\"has-text-align-center has-secondary-color has-text-color has-link-color has-poppins-font-family wp-elements-f77bf59020a7a6238bdf2ab3263711c2\" style=\"margin-top:10px;margin-right:0;margin-bottom:10px;margin-left:0;padding-top:0;padding-right:0;padding-bottom:0;padding-left:0;font-size:clamp(14.642px, 0.915rem + ((1vw - 3.2px) * 0.751), 22px);font-style:normal;font-weight:700\">\ud83d\udc49  Starte deine Zukunft bei uns \u2013 wir bringen dich auf die \u00dcberholspur!<\/p>\n\n\n\n<p class=\"has-text-align-center\">Schicke Deine Bewerbungsunterlagen an folgende Adresse:<\/p>\n\n\n\n<p class=\"has-text-align-center\"><a href=\"mailto:ens@man-eberswalde.de\">ens@man-eberswalde.de   <\/a><\/p>\n\n\n\n<p class=\"has-text-align-center\">oder per Post an<\/p>\n\n\n\n<p class=\"has-text-align-center\">ENS Eberswalder Nutzfahrzeug Service GmbH &amp; Co. KG<\/p>\n\n\n\n<p class=\"has-text-align-center\">Neue Str. 100<\/p>\n\n\n\n<p class=\"has-text-align-center\">16225 Eberswalde<\/p>\n<\/div>\n","protected":false},"excerpt":{"rendered":"<p>Du willst nicht den ganzen Tag am Schreibtisch sitzen, sondern richtig anpacken? Dich interessieren gro\u00dfe Maschinen, moderne Technik und du willst sehen, was du geschafft hast? Dann bist du bei uns genau richtig! In unserer Werkstatt f\u00fcr Nutzfahrzeuge lernst du alles rund um Lkw, Transporter und Spezialfahrzeuge \u2013 von der Wartung \u00fcber Reparaturen bis hin [&hellip;]<\/p>\n","protected":false},"author":1,"featured_media":0,"parent":0,"menu_order":0,"comment_status":"closed","ping_status":"closed","template":"","meta":{"footnotes":""},"class_list":["post-78","page","type-page","status-publish","hentry"],"_links":{"self":[{"href":"https:\/\/man-eberswalde.de\/index.php\/wp-json\/wp\/v2\/pages\/78","targetHints":{"allow":["GET"]}}],"collection":[{"href":"https:\/\/man-eberswalde.de\/index.php\/wp-json\/wp\/v2\/pages"}],"about":[{"href":"https:\/\/man-eberswalde.de\/index.php\/wp-json\/wp\/v2\/types\/page"}],"author":[{"embeddable":true,"href":"https:\/\/man-eberswalde.de\/index.php\/wp-json\/wp\/v2\/users\/1"}],"replies":[{"embeddable":true,"href":"https:\/\/man-eberswalde.de\/index.php\/wp-json\/wp\/v2\/comments?post=78"}],"version-history":[{"count":24,"href":"https:\/\/man-eberswalde.de\/index.php\/wp-json\/wp\/v2\/pages\/78\/revisions"}],"predecessor-version":[{"id":345,"href":"https:\/\/man-eberswalde.de\/index.php\/wp-json\/wp\/v2\/pages\/78\/revisions\/345"}],"wp:attachment":[{"href":"https:\/\/man-eberswalde.de\/index.php\/wp-json\/wp\/v2\/media?parent=78"}],"curies":[{"name":"wp","href":"https:\/\/api.w.org\/{rel}","templated":true}]}}